 of 917677580?
2, 5, 19, 41, 58901
What are the prime factors of 14604333?
3, 23, 211657
List the prime factors of 62253235.
5, 11, 17, 139, 479
List the prime factors of 175188401.
23, 61, 89
What are the prime factors of 202930148?
2, 1327, 38231
List the prime factors of 9999224.
2, 109, 11467
List the prime factors of 34091171.
17, 37, 83, 653
List the prime factors of 338671565.
5, 197, 343829
What are the prime factors of 65299566?
2, 3, 10883261
What are the prime factors of 360138258?
2, 3, 467, 14281
List the prime factors of 365314398.
2, 3, 1619, 37607
List the prime factors of 53017880.
2, 5, 47, 28201
List the prime factors of 47386460.
2, 5, 11, 215393
List the prime factors of 21449199.
3, 7149733
What are the prime factors of 1067896812?
2, 3, 29, 37, 197, 421
List the prime factors of 52661245.
5, 7, 13, 29, 307
List the prime factors of 864694491.
3, 288231497
What are the prime factors of 751174018?
2, 7, 2111, 3631
List the prime factors of 240506795.
5, 48101359
List the prime factors of 39432512.
2, 7, 88019
List the prime factors of 2859018013.
23, 43, 853, 3389
What are the prime factors of 5954225051?
181, 193, 170447
List the prime factors of 46600781.
31, 821, 1831
What are the prime factors of 29441313?
3, 11, 173, 191
List the prime factors of 80132542.
2, 7, 817679
List the prime factors of 4032736015.
5, 7, 11, 41, 36497
What are the prime factors of 2997154863?
3, 23, 409, 35401
List the prime factors of 106052066.
2, 53026033
List the prime factors of 55378614.
2, 3, 9229769
List the prime factors of 257736597.
3, 23, 1031, 3623
What are the prime factors of 58173475?
5, 101, 23039
What are the prime factors of 2074171467?
3, 31, 97, 7417
What are the prime factors of 46925283?
3, 15641761
List the prime factors of 23234600.
2, 5, 23, 5051
List the prime factors of 1157664880.
2, 5, 37, 391103
List the prime factors of 49613045.
5, 9922609
List the prime factors of 1410312539.
179, 7878841
What are the prime factors of 1211889436?
2, 302972359
List the prime factors of 67343819.
113, 595963
What are the prime factors of 6284513978?
2, 3142256989
What are the prime factors of 527201434?
2, 263600717
What are the prime factors of 52475645?
5, 29, 361901
List the prime factors of 94373627.
19, 29, 59, 2903
What are the prime factors of 106325347?
106325347
What are the prime factors of 1774220628?
2, 3, 147851719
List the prime factors of 267145811.
53, 109, 131, 353
What are the prime factors of 695105943?
3, 7, 421, 78623
List the prime factors of 1709826386.
2, 854913193
What are the prime factors of 479706981?
3, 13, 12300179
List the prime factors of 20226303.
3, 149, 15083
What are the prime factors of 3036217689?
3, 19, 657617
List the prime factors of 221605032.
2, 3, 11, 839413
What are the prime factors of 80147112?
2, 3, 17, 196439
List the prime factors of 2087850382.
2, 67, 277, 56249
List the prime factors of 90822239.
23, 547, 7219
What are the prime factors of 38025818?
2, 19012909
What are the prime factors of 1752088533?
3, 13, 44925347
List the prime factors of 33213528.
2, 3, 461299
List the prime factors of 1873242091.
7, 19, 487, 28921
List the prime factors of 608503871.
353, 1723807
List the prime factors of 395896469.
107, 311, 11897
List the prime factors of 24688634.
2, 97, 127261
What are the prime factors of 85087716?
2, 3, 7, 37, 3911
What are the prime factors of 1893668592?
2, 3, 19, 2076391
List the prime factors of 610231180.
2, 5, 13, 2347043
List the prime factors of 1242279920.
2, 5, 7, 431, 5147
What are the prime factors of 2269051277?
28309, 80153
List the prime factors of 690755561.
263, 2626447
List the prime factors of 3879904951.
13, 17, 17556131
List the prime factors of 3094891797.
3, 97, 2273, 4679
List the prime factors of 454757825.
5, 97, 277, 677
List the prime factors of 6936931.
617, 11243
List the prime factors of 2724653.
2724653
What are the prime factors of 456878130?
2, 3, 5, 103, 199, 743
What are the prime factors of 1260343559?
1877, 671467
What are the prime factors of 119172423?
3, 39724141
List the prime factors of 37229881.
13, 17, 29, 37, 157
What are the prime factors of 36487279?
31, 1177009
List the prime factors of 820319311.
7, 23, 5095151
List the prime factors of 137127940.
2, 5, 19, 360863
List the prime factors of 45165582.
2, 3, 7, 11, 32587
List the prime factors of 191959224.
2, 3, 43, 186007
List the prime factors of 2725799673.
3, 113, 8040707
List the prime factors of 5542146.
2, 3, 47, 6551
What are the prime factors of 1710558357?
3, 269, 2119651
What are the prime factors of 43927998?
2, 3, 2273, 3221
What are the prime factors of 85272165?
3, 5, 11, 31, 5557
List the prime factors of 3258690955.
5, 13, 53, 72763
List the prime factors of 1175231155.
5, 7, 1297, 25889
List the prime factors of 866331277.
7, 19, 43, 151483
What are the prime factors of 54097449?
3, 7, 23, 31, 3613
What are the prime factors of 176108908?
2, 43, 661, 1549
List the prime factors of 41056552.
2, 5132069
What are the prime factors of 589278355?
5, 5003, 23557
List the prime factors of 127309460.
2, 5, 449, 14177
List the prime factors of 292632809.
7, 41804687
List the prime factors of 259413396.
2, 3, 11, 41, 47933
List the prime factors of 407879425.
5, 563, 28979
List the prime factors of 167732908.
2, 7, 5990461
List the prime factors of 92866449.
3, 13, 2381191
What are the prime factors of 1560409468?
2, 331, 1178557
List the prime factors of 183261692.
2, 45815423
List the prime factors of 782086934.
2, 241, 1622587
What are the prime factors of 43832532?
2, 3, 1607, 2273
List the prime factors of 270378509.
270378509
List the prime factors of 446024417.
446024417
List the prime factors of 81359484.
2, 3, 17, 398821
List the prime factors of 97387313.
23, 227, 811
List the prime factors of 212274838.
2, 29, 577, 6343
List the prime factors of 656692031.
17, 677, 57059
List the prime factors of 2275951385.
5, 19, 1097, 21839
What are the prime factors of 45892287?
3, 7, 229, 3181
What are the prime factors of 47528152?
2, 7, 283, 2999
What are the prime factors of 88434195?
3, 5, 23, 29, 8839
List the prime factors of 60177757.
1637, 36761
What are the prime factors of 387918856?
2, 13, 3729989
List the prime factors of 37927595.
5, 17, 53, 8419
What are the prime factors of 37598914?
2, 103, 182519
What are the prime factors of 4824589660?
2, 5, 11, 283, 77491
List the prime factors of 11995654.
2, 11, 545257
List the prime factors of 376961046.
2, 3, 7, 11, 815933
What are the prime factors of 671393735?
5, 1847, 72701
List the prime factors of 93792342.
2, 3, 7, 373, 5987
What are the prime factors of 1332754131?
3, 29, 937, 16349
List the prime factors of 369178630.
2, 5, 17, 2171639
What are the prime factors of 437182150?
2, 5, 31, 282053
List the prime factors of 182900034.
2, 3, 10161113
What are the prime factors of 4072220628?
2, 3, 7, 48478817
List the prime factors of 114081460.
2, 5, 233, 24481
List the prime factors of 501604031.
53, 151, 233, 269
What are the prime factors of 3800169984?
2, 3, 13, 190313
List the prime factors of 412984367.
15467, 26701
What are the prime factors of 101434373?
29, 359, 9743
What are the prime factors of 2138202777?
3, 73, 1039, 9397
List the prime factors of 70923811.
7, 10131973
What are the prime factors of 845533698?
2, 3, 53, 191, 13921
List the prime factors of 1986697427.
11, 13, 23, 89, 617
List the prime factors of 20387929.
137, 148817
List the prime factors of 491716218.
2, 3, 7, 23, 509023
What are the prime factors of 56255166?
2, 3, 11, 284117
What are the prime factors of 1220251296?
2, 3, 11, 17, 101, 673
What are the prime factors of 905382008?
2, 37, 41, 61, 1223
List the prime factors of 296897020.
2, 5, 7, 2120693
List the prime factors of 61838851.
61838851
What are the prime factors of 1585011957?
3, 37, 2003, 7129
What are the prime factors of 1749486999?
3, 13, 44858641
List the prime factors of 387552721.
179, 383, 5653
What are the prime factors of 4353586382?
2, 2176793191
What are the prime factors of 26639622?
2, 3, 661, 2239
What are the prime factors of 21489296?
2, 1343081
List the prime factors of 43743808.
2, 227, 3011
What are the prime factors of 2774983110?
2